 factors of o?
2, 3, 19
Let o(w) be the second derivative of -7*w**3/6 - 6*w**2 - 15*w. What are the prime factors of o(-6)?
2, 3, 5
Suppose 8*w - 5*w = -18. Let n(o) = -2*o + 9. List the prime factors of n(w).
3, 7
Let o be 40/(-12)*(-18)/5. Suppose 30 = 2*p + o. What are the prime factors of p?
3
Let b be 52/12 + 6/9. Suppose -5*m + 3*m + 167 = -b*k, -2*m = k - 173. List the prime factors of m.
2, 43
Let k be ((-4)/18)/(5/(-45)). Suppose 0 = -4*c - k*t + 886, 6*t = c + t - 227. What are the prime factors of c?
2, 3, 37
Let r = 2166 + -70. List the prime factors of r.
2, 131
Suppose l - 91 + 16 = 5*m, -l = -2*m - 33. Suppose -3*x + 5*x = -w - 12, 0 = 2*x + 3*w + 20. What are the prime factors of m/x*(3 + -1)?
7
Let j(t) = 10*t + 59. Let v(x) = 5*x + 29. Let s(w) = 3*j(w) - 7*v(w). List the prime factors of s(-7).
3
Let n = -8 - -8. Let c = n - -4. Suppose -c*m + 50 = -38. List the prime factors of m.
2, 11
Let u(x) = 3*x**3 - 28*x**2 + 40. What are the prime factors of u(13)?
3, 211
Let u(y) = -y + 18. Let b be u(15). Suppose 2*c - c = -b*i + 197, -i + 3*c = -79. List the prime factors of i.
67
Suppose 0 = -5*m - 287 - 333. Let s = 206 + m. Suppose -y - 5*w + s = 2*y, 0 = 2*y + w - 64. List the prime factors of y.
2, 17
Suppose 5012 + 10122 = 7*s. What are the prime factors of s?
2, 23, 47
Let u(p) = p**3 - 2*p + 17. Suppose 4*f = 6*f. What are the prime factors of u(f)?
17
Suppose 2976 = -48*g + 54*g. What are the prime factors of g?
2, 31
Suppose -j + 1 = 3*w, 2*j - 4*j + 4*w = -32. Let x(r) = r**2 - 7*r - 5. What are the prime factors of x(j)?
5
Let n(c) = 2*c**2 + 3*c - 2. Let r be n(6). Suppose 0 = 17*x - 15*x - r. List the prime factors of x.
2, 11
Let u = -111 - -187. Suppose 496 = 4*n + u. What are the prime factors of n?
3, 5, 7
Let u = 2249 + 2275. List the prime factors of u.
2, 3, 13, 29
Suppose 0*q = -4*q + 4776. Suppose -598 = -8*v + q. List the prime factors of v.
2, 7
Suppose 5*y - 28 = -3. List the prime factors of (5/(-4))/(y/(-20)).
5
Let q(j) = 2*j**2 - 40*j - 148. What are the prime factors of q(30)?
2, 113
Let a be (2/3)/((-6)/(-9)). Let v(d) = -a + 1 + 6 - 3*d**2 + 4*d**2. List the prime factors of v(6).
2, 3, 7
Suppose -13*g = -25267 - 38537. List the prime factors of g.
2, 3, 409
Suppose 4*q + 15 = 9*q. Suppose q*w = -2*y + 195, -2*w + 137 = -2*y + y. List the prime factors of w.
67
Let q be -42*(10*(-2)/(-12) + -2). Let o(f) = 3*f - 13. What are the prime factors of o(q)?
29
Let y be (-2)/3 - 578/51. Let g(m) = -m**3 - 12*m**2 + m + 27. List the prime factors of g(y).
3, 5
Let g be 0/(0 + (1 - 3)) - -80. Suppose 0 = 3*m - 109 - g. What are the prime factors of m?
3, 7
Suppose 0 = -4*f + 5*f - 273. List the prime factors of f.
3, 7, 13
Let z(m) = 7*m**2 - 26*m - 72. List the prime factors of z(-8).
2, 73
Let k(p) = -4*p - 11. Let g be k(-6). Let l = g + -10. Suppose -39 = -l*c + 3. List the prime factors of c.
2, 7
Suppose 2*d - 4*t - 80 = 0, 200 = 5*d + 3*t - 6*t. Suppose b = 68 + d. What are the prime factors of b?
2, 3
Let k(h) = h**2 + 4*h + 8. Suppose 4*w + 8 = -i, -5*w - 80 + 25 = 5*i. List the prime factors of k(i).
2, 13
Let p(g) = 16*g**2 - 8 - 4*g - 8 + 12. List the prime factors of p(3).
2
Suppose -2*u + 4*u + 4*z = 0, 3*u + 2*z = -8. Let b be (u + (1 - 4))*-1. List the prime factors of 184/b - 44/154.
2, 13
Let x = -207 + 1165. What are the prime factors of x?
2, 479
Let g = -227 - -279. What are the prime factors of g?
2, 13
List the prime factors of 4/(-32)*-796*4.
2, 199
Let n be ((-5 - -4) + 4)*30/9. Suppose -n = -5*z, 2*u - 143 = 2*z + 67. List the prime factors of u.
107
Suppose -92 = 6*c + 124. What are the prime factors of ((-140)/8 - -4)/(2/c)?
3
Let u(k) = -49*k - 775. What are the prime factors of u(-21)?
2, 127
Suppose -2*i + 4*z + 18 = 9*z, 3*i - 2*z = 8. Suppose -2*w + 2 = 5*b - 123, i*w + b = 241. What are the prime factors of w?
2, 3, 5
Let i(o) = 3*o**2 - 7*o - 372. What are the prime factors of i(-29)?
2, 11, 107
Suppose 237*f - 236*f = 3043. What are the prime factors of f?
17, 179
Suppose 13*t - 6421 + 1650 = 0. What are the prime factors of t?
367
Suppose -2*g - 3*w - w = -348, 2*w = g - 178. Suppose 0 = 2*z - g + 12. List the prime factors of z.
2, 41
Suppose -2*d + 0*s - 4 = -3*s, d + 4 = 2*s. Let y(t) = 2*t**2 + 5*t + 3. What are the prime factors of y(d)?
5, 11
Suppose -632 - 2524 = -12*b. List the prime factors of b.
263
Suppose -20*q + 2*w - 167 = -21*q, 2*w = -2*q + 336. What are the prime factors of q?
13
Let b = 392 + -209. List the prime factors of b.
3, 61
Let r be 0*(((-28)/(-8))/7 - 1). Let c = -6 - -24. Let f = c + r. What are the prime factors of f?
2, 3
Suppose 2*z - 514 = 972. Suppose 0 = 5*i - 2*c - 727 - 543, -3*i = -5*c - z. What are the prime factors of i?
2
Suppose -10 = -3*p - y, 4*p - y = -2*y + 13. Suppose -p*s - o + 92 = 0, -s = -0*o - 2*o - 33. What are the prime factors of s?
31
Let j be 662/(-4) - 2/(-4). List the prime factors of (-4260)/j + 2/11.
2, 13
Let w = 12 + 33. List the prime factors of 4/(-10) - (-3348)/w.
2, 37
Suppose -3*q - 4*p + 1328 = 0, -5*q + 1550 = -2*p - 620. What are the prime factors of q?
2, 109
Let o = 138 + 1960. List the prime factors of o.
2, 1049
Let z be 15 - (3 - 6/2). Let h = z + -29. What are the prime factors of (-2)/h + (-286)/(-7)?
41
Let s = 5 + -2. Suppose -140 = -s*g - 2*g. List the prime factors of g.
2, 7
Let p(q) = q - q + 8*q. Let h be p(-1). What are the prime factors of ((-8)/(-14))/(h/(-28))?
2
Let z = 148 + -75. Let f = z + 0. What are the prime factors of f?
73
Let x = 8 + 41. Suppose 25 = m - 4. Let i = x - m. What are the prime factors of i?
2, 5
Suppose -38 = z + 42. Suppose 0 = -27*c + 8*c - 171. What are the prime factors of z/3*c/6?
2, 5
Let g(b) be the third derivative of 0*b + 5/3*b**3 + 0 - 5*b**2 + 13/24*b**4 + 1/60*b**5. List the prime factors of g(-13).
2, 5
Suppose -5*p + 2*m = -1762, -8*m - 5 = -3*m. List the prime factors of p.
2, 11
Let q = -16 + 18. Suppose 144 = 5*v - 2*x, 3*v = q*x - 5*x + 99. What are the prime factors of v?
2, 3, 5
Let j(u) = -2*u - 3. Let x be j(-5). List the prime factors of (-2)/7 - (-506)/x.
2, 3
Let d(h) = -h**2 - 8*h - 9. Let m be d(-6). Suppose 2*z + 19 - 61 = m*y, 4*y = -8. What are the prime factors of z?
2, 3
Suppose -4*u = -4*i + 2296, 9*i + 1757 = 12*i + 4*u. What are the prime factors of i?
3, 193
Let v = 4 + -4. Suppose -3*c + 32 + 25 = v. What are the prime factors of c?
19
Suppose n - 4*c + 4 = 2*n, 0 = 5*n - 3*c + 3. Suppose n = h - 7. Suppose -5*w = -h*w + 54. What are the prime factors of w?
3
Suppose 2*m - 2*u = 810, -3*m + 1220 = u - 3*u. What are the prime factors of m?
2, 5, 41
Let d = 433 - 259. What are the prime factors of 4 + (d - (-6 - -3))?
181
Let m = 3 + -1. Suppose 4*g - 4 = 3*q, -m*q - g - 4 - 6 = 0. Let i(f) = -8*f - 11. What are the prime factors of i(q)?
3, 7
Suppose 4*d = -y - 16, -2*y - 3 = -d - 16. Suppose -7*w + 726 = y*w. List the prime factors of w.
2, 3, 11
Suppose -2*l + 65 = 31. Suppose -l*v + 557 = -1653. What are the prime factors of v?
2, 5, 13
Let u(h) = h**2 + 4 - 30*h + 33*h - 8. Suppose 4*v = -0*v + 12. List the prime factors of u(v).
2, 7
Let x = 2879 + 911. What are the prime factors of x?
2, 5, 379
Let u = -30 + 19. Let q = 1 - u. Let o(k) = 2*k. What are the prime factors of o(q)?
2, 3
Let d = -2 - -4. Suppose -3*c = -9, 122 = d*g + 4*c - 0*c. What are the prime factors of g?
5, 11
Let h(b) = b**3 + 7*b**2 - 10*b - 1. Suppose -i - r - 7 = 0, r - 5*r - 4 = i. Let c be h(i). Let l = c - -2. List the prime factors of l.
17
Let z be 21/2*(-16)/12. Let g be 14/49 + 4/z. Suppose g = -2*x - 8 + 30. What are the prime factors of x?
11
Let j(x) = -5*x + 11 + 15*x + 3*x**2 - 2*x**2. List the prime factors of j(-18).
5, 31
Suppose -4*z - 337 = -5*z. Suppose 4*q - 97 = -i - 0*i, 4*i - q - z = 0. List the prime factors of i.
5, 17
Suppose 0 = 9*i - 20*i + 55. Suppose 0 = 5*m - i*h - 1240, -4*h = m - 6 - 237. List the prime factors of m.
13, 19
Let q be -8 + (-3 + 5 - 1). Let y(b) = -6*b**2 - 6*b + 2. Let n(r) = -r**2 - 1. Let v(d) = 4*n(d) - y(d). List the prime factors of v(q).
2, 5
Let x = 56 - 56. Suppose 2*a - 58 = 4*y, -17 = -3*a + 5*y + 68. Suppose x = 4*w + a - 269. What are the prime factors of w?
61
Let r(d) = -2*d**3